et d(u) = -u**3 - u**2 + u + 2. Let o be (-3)/15 + (-72)/40. What is d(o)?
4
Let r(d) = -3*d**3 - 4*d**2 - 6*d - 3. Let f(u) = u**3 + u + 1. Let s(l) = 4*f(l) + r(l). Suppose 4*j = 4*w - 3*w + 15, 2*j - 7 = w. Calculate s(j).
-7
Let v(u) = u**3 - 5*u**2 - u - 4. Suppose 0 = 3*q - 5*l + 1, -5*q + 23*l + 21 = 26*l. Determine v(q).
-25
Suppose 2*d + 5 = -7. Let f(l) be the third derivative of -l**6/120 - l**5/10 - l**4/8 - 5*l**3/6 - 149*l**2. What is f(d)?
13
Let n(m) = -3*m - 7. Let j(h) = 4*h + 10. Let g = 38 + -43. Let u(p) = g*j(p) - 7*n(p). What is u(1)?
0
Let r(f) = 7*f + 23. Let q(u) = -u + 2. Let m(z) = -5*q(z) - r(z). Give m(-14).
-5
Let g(k) = 7*k. Let r(y) = 5*y - 34. Suppose 5*j + 5*w - 29 + 4 = 0, -10 = 5*w. Let p be r(j). Calculate g(p).
7
Let i(z) = 3 + 31*z - 2*z**2 + 8*z - 74*z + 23*z + z**2. Calculate i(-10).
23
Let c(p) = -5*p**2 + 215*p - 2. Let s be c(43). Let k(w) = 2*w**2 + 5*w + 7. Let z(x) = -x**2 - 3*x - 3. Let r(n) = 2*k(n) + 5*z(n). What is r(s)?
5
Let i(s) = 15 - 5*s + 0*s - 9 - 1. Give i(3).
-10
Let o(j) be the second derivative of 0 - 7*j + 3*j**2 + 1/3*j**3. Determine o(-6).
-6
Let s(n) = -n**3 + 15*n**2 - 2*n + 6. Let a(b) = b**2 + b. Let j(t) = -t**3 - 2. Let z be j(-1). Let d(k) = z*s(k) + 6*a(k). Calculate d(8).
-6
Suppose 2*w = -w - 15. Let q(g) be the first derivative of g**2/2 + 12*g - 116. What is q(w)?
7
Let o(t) be the third derivative of -t**4/24 + t**3/2 + t**2. Suppose 3*x + x = 8. Let w = x + 2. Determine o(w).
-1
Let z(a) = a**2 + 11*a + 3. Let n = -18 - -7. Let d be z(n). Let v(x) = 5*x - 5*x + 2*x - d*x. Determine v(-2).
2
Let f(l) = -2*l - 32*l**3 + 7*l**2 + 30*l**3 + 6*l + 7 + 3*l**3. Give f(-7).
-21
Let i(g) = -g**2 - 109*g - 4 + 120*g + 0*g**2. Give i(7).
24
Let c(k) = -6*k - 7. Suppose 30*b - 27*b = -24. Give c(b).
41
Let m(t) = t**3 + t**2 - 3*t + 4. Let g be (0/(-2))/(-8 - -7). Suppose n - 3 + 9 = g. Let z be n*(-2)/20*-5. Calculate m(z).
-5
Let v(k) = k**2 + 4*k + 3. Let i be (-5 - 0) + (1 - 1). Calculate v(i).
8
Let f(v) = 452*v**2 - 3*v - 228*v**2 - 223*v**2 - 4. Calculate f(5).
6
Let k(b) = -2*b**3 - 9*b**2 + 6*b + 9. Let z = 536 - 541. What is k(z)?
4
Let h = -612 + 605. Let f(m) = m**2 + 7*m + 11. Give f(h).
11
Let a(y) be the second derivative of 1/6*y**3 + 0 - 4/5*y**5 - 3*y - 1/12*y**4 + 0*y**2. Give a(1).
-16
Let u(s) = 1. Let c(i) = i**2 - 4*i - 3. Suppose 7 = 3*h - 2. Let k(j) = h*u(j) + c(j). Calculate k(5).
5
Let a(y) = -12*y + 36*y**2 - y**3 - 71*y**2 + 25*y**2. What is a(-8)?
-32
Let g(y) = 2*y - 13. Let z be g(9). Let f be (-9 + 4)/z*0. Let o(m) = -7 - m + 0*m**2 + m**2 + 2*m. What is o(f)?
-7
Let m(k) = k**2. Let q(d) = 8*d**2 + d. Let j be 7/(-14) + 42/4. Let l = -11 + j. Let o(w) = l*q(w) + 6*m(w). Determine o(-1).
-1
Suppose 22 = 3*u + 2*n + 3*n, -4*u + 10 = -3*n. Let k(h) be the second derivative of h**3/6 + h**2 + 3*h - 24. Determine k(u).
6
Let o(g) = -11*g + 35 - 31 + 0*g**3 - g**3 + 11*g**2. Let a be o(10). Let i(n) = -n**3 - 6*n**2 + 2*n + 8. What is i(a)?
-4
Let q(j) be the third derivative of 1/60*j**5 + 2*j**2 + 0*j + 0 - 1/2*j**3 + 1/24*j**4. Suppose -13*g = 7*g. Calculate q(g).
-3
Let v be (33/(-44))/((-2)/8). Suppose v = -2*i - 1, -20 = -2*m + 5*i. Let l(a) = 0 - 5*a + 5 - m. What is l(-2)?
10
Let m(z) = -z**2 + 16*z + 23. Let k be (204/(-18) - 0)/(8/(-12)). Give m(k).
6
Let l be ((-66)/462)/((-2)/(15 + -1)). Let k(o) = -13*o**3 + o**2 - 1. Give k(l).
-13
Let b(w) = -6*w - 11. Let h(a) = -6*a - 10. Let o(g) = -6*b(g) + 7*h(g). Suppose -141 = -j - 146. Let r(t) = 4*t + 3. Let m(d) = j*o(d) - 8*r(d). Give m(6).
-16
Let j be (9 + -7)*(-2)/8*74. Let u = -29 - j. Let z(a) = -a**3 + 7*a**2 + 8*a - 7. Calculate z(u).
-7
Let y(n) = n**2 - 9*n - 9. Let j = 182 - 172. Calculate y(j).
1
Let t(r) = -25*r**2 + 45*r**2 + 3*r - 21*r**2 - r - 7 - 6*r. What is t(-6)?
-19
Let p(g) = g - 4. Let v(n) = 1. Let z(t) = -t**3 - 5*t**2 + 8*t + 15. Let h be z(-6). Let u(q) = h*v(q) + p(q). Calculate u(-4).
-5
Suppose 5*u + 4*s + 17 = 0, -4*u - s - 2*s = 13. Let n(t) = 3*t - 2. Let c(a) = a. Let w(r) = -4*c(r) + n(r). Give w(u).
-1
Let k(l) = 14*l**2 + 35*l - 9. Let q(u) be the first derivative of 5*u**3/3 + 6*u**2 - 3*u - 2. Let g(p) = -6*k(p) + 17*q(p). Suppose 2 = -4*z + 26. Give g(z).
3
Let u(a) = a + 14. Suppose -3*t - 4*k - 73 = -62, -5*k = -4*t - 56. What is u(t)?
5
Let x(t) be the third derivative of t**4/24 - 5*t**3/3 - 96*t**2. Determine x(0).
-10
Suppose 8 = 5*b - 67. Suppose -2*j - 31 = 3*t, j - 2*t - t = -2. Let k = b + j. Let z(s) = s**3 - 4*s**2 - 2*s + 5. Calculate z(k).
-3
Let q(c) = -10*c + 23. Let o(m) = -4. Let a(i) = -6*o(i) - q(i). What is a(1)?
11
Let k(a) be the second derivative of a**7/840 - a**6/72 + a**5/20 - 5*a**4/24 - 17*a**3/6 - 6*a. Let t(p) be the second derivative of k(p). Give t(4).
3
Let p(s) be the third derivative of -s**4/12 + s**3/6 + 25*s**2. Calculate p(-2).
5
Suppose 9*n = -29*n - 494. Let t(y) = y**3 + 14*y**2 + 14*y + 7. What is t(n)?
-6
Let p(z) = 0 + 4*z**2 - 1 - 3*z**2 - 46*z**3 + 48*z**3 + z + z. Calculate p(-2).
-17
Let w(p) be the first derivative of p**3/3 + 15*p**2/2 - 15*p - 205. Calculate w(-16).
1
Suppose 12*t - 24 = 4*t. Let g be 20/((-15)/t) - -10. Let b(r) = -r + 7. Determine b(g).
1
Let i(k) = -2*k**2 - 7*k - 1. Let m be 36/17 + (-12)/102. Suppose b = 4*q + 19, -2*b - b = -q - m. Determine i(q).
-16
Let c(t) = -t**3 - 9*t**2 + t - 1. Let o(i) = -i**3 - 5*i**2 + i - 1. Let p(x) = -3*c(x) + 5*o(x). Give p(2).
-6
Let y = -22 - -24. Let n(b) = 2 + 3*b - 5*b + 5*b**y - b**3 + 2. Suppose -18 = -5*v + 7. Determine n(v).
-6
Let m(h) = h**2 + 11*h - 12. Let j be -2*(3068/520 - (-3)/5). Determine m(j).
14
Let z(a) be the second derivative of 5*a**4/12 - a**2/2 + 3*a. Let o(v) = 4*v - 47. Let x be o(12). What is z(x)?
4
Let f(i) = i**3 + 2*i**2 - 5*i - 2. Let n be f(-3). Let y(g) = n*g + 4 + 8*g - 13*g. Give y(4).
0
Let u(i) = i**2 - 5*i + 4. Suppose -2*m - 9*f + 14 = -12*f, -4*m - f + 28 = 0. Give u(m).
18
Let t = 17 - 0. Suppose 0*g - 6 = -3*g - 3*x, t = 4*g - 5*x. Let v(b) = 12*b - 7*b - 5 - g*b. Determine v(4).
3
Let a(c) = -c**2 - 5*c. Suppose -27*z = -33*z - 30. Give a(z).
0
Suppose 5*y = -0*o + 2*o - 45, -o = -4*y - 33. Let k = 10 + y. Let i(h) = 4*h - 2. Give i(k).
10
Let k(t) = 0*t - 476 + 2*t + 478. Suppose 2*z + 5 = 1. Give k(z).
-2
Suppose 42 - 52 = -2*n. Let i(h) = -h + 9. Calculate i(n).
4
Let w(b) = 5*b + 5. Suppose -3*n = g + 8 + 10, 0 = 4*g - 2*n + 2. Calculate w(g).
-10
Let o(y) = -4*y - 4*y**2 + 12 + 0 + 2*y**2 - 8*y. Let a be o(-7). Let j = a - 5. Let d(w) = w**2 + 8*w - 9. Give d(j).
-16
Let t(p) = -6 - 3*p + p - 3*p + 4*p. Let s(a) = 2*a. Let n be s(2). Suppose 4*c - 3*w = -14, c + 11 = -7*w + n*w. What is t(c)?
-1
Let i(b) = -2*b - 151 - 9*b + 157 + 2*b**2 - 4*b**2. What is i(-6)?
0
Let n(t) = -t**2 - 7*t - 3. Suppose p + 3*f - 1 = 0, 4*f + 14 + 8 = 2*p. Suppose -4*d - 26 = -3*l + l, -d - 4*l + p = 0. Determine n(d).
7
Let x(y) = -y**2 - 8*y - 4. Let f be x(-6). Let i = f - 6. Suppose 5*h - 6 = 4, 4*h - 14 = -i*b. Let l(w) = 2*w**2 - 5*w + 2. Calculate l(b).
5
Suppose -6*z = -10*z + 4. Let p(f) be the third derivative of -f**4/8 - f**3/3 - 19*f**2. Determine p(z).
-5
Let b(s) = s**2 - 2*s - 2. Let i(t) = t**3 + 6*t**2 + 3. Let x be i(-6). Suppose -3*j + 9 = 0, -x*w + 2*j = 2*w - 4. What is b(w)?
-2
Suppose 6 - 3 = -m - 4*s, m - s - 7 = 0. Let y(a) = 5*a - 1 + 0 + 0*a - 9*a. Let v(l) = l + 1. Let z(r) = 2*v(r) + y(r). Determine z(m).
-9
Let c be (-1*1/1)/1. Let b(q) = -2*q - 8667*q**3 + q - q + 0 + 8661*q**3 - 1. Calculate b(c).
7
Let l = -80 + 82. Let s(i) = 20*i - 7*i**2 + 1 + i**l - 17*i + i**3. What is s(5)?
-9
Let y(h) = -79 - 86 - 84 + 256 - 3*h. What is y(7)?
-14
Let l be (-2)/(-6) + 2/3. Let b be 2/(3 + -4) + 2 - -2. Let a(k) = 1 + 0 + 3*k - 6*k**b - k**2 - 5*k. What is a(l)?
-8
Suppose 5*g - 25 = 0, -4*g = 4*x - 9*g - 27. Let a(i) = 6 - i + 9 + 3*i**2 - x. Determine a(-2).
16
Let n(c) = -2*c + 10. Let u be n(7). Let g(j) = 0*j + 12 + 7*j**2 - j + 2*j. Let i(w) = -10*w**2 - 2*w - 18. Let v(y) = 7*g(y) + 5*i(y). What is v(u)?
-10
Let w(r) be the third derivative of -r**5/60 - r**4/6 + r**3/2 - 7*r**2 + 25*r. Determine w(1).
-2
Let a(n) = -4*n + 1 + n**3 + 0*n**3 - 1 + n**2. Let w(b) = -b**2 + 5*b + 3. 